 = -2*a, 3*x + 3*a = -a + 45. What is the greatest common divisor of x and v?
15
Let v(b) = -3*b + 54. Let t be v(0). What is the greatest common factor of t and 9?
9
Let m = 354 - 194. Calculate the greatest common factor of 10 and m.
10
Let g be ((-6)/(-3))/(2/1). Let k = 9 + g. Let r be k - (-5)/(15/(-6)). What is the greatest common factor of 40 and r?
8
Let y = 64 + 8. What is the greatest common divisor of 9 and y?
9
Let y(j) = -j**3 + 4*j**2 - 2*j. Let b be y(3). Calculate the highest common factor of b and 3.
3
Suppose -125 = -5*l - 35. What is the greatest common factor of l and 45?
9
Suppose 2 = 3*w - w. Let q(o) = 12*o**2 - 1. Let r be q(w). What is the greatest common divisor of 11 and r?
11
Let m be 32 - 0*1/(-2). What is the highest common divisor of 4 and m?
4
Let u(b) = 13*b**2 + 9*b + 1. Let n(r) = -7*r**2 - 4*r. Let o(a) = -11*n(a) - 6*u(a). Let f be o(-8). Calculate the highest common divisor of 10 and f.
10
Suppose 0 = 4*o + 5*l - 104 - 19, -63 = -2*o - 3*l. What is the greatest common divisor of 36 and o?
9
Let o = 34 + -34. Let s(y) = -y**3 + y - 3*y**2 + 21 + 3*y**2. Let c be s(o). What is the greatest common divisor of c and 14?
7
Let h(i) = -i**2 + 5*i - 3. Let r be h(3). Let y = -5 + r. Let z be (y + 5 - 2)*13. What is the highest common divisor of 104 and z?
13
Suppose -75 = 3*v + 4*a - 347, 4*v - 364 = -5*a. Calculate the highest common divisor of v and 128.
32
Let a be -2 - -2 - (1 + -1). Suppose 15 = 5*y - 2*f, -5*y + a*f + f = -20. What is the greatest common factor of y and 25?
5
Let y = -14 - -8. Let q(g) = -8 + 2 + 4 - 15*g - 7. Let h be q(y). What is the greatest common factor of 9 and h?
9
Let a(y) = y - 6. Let r be a(9). Let k be 2/6*r/1. Suppose -65 = -2*o + k. What is the highest common divisor of 11 and o?
11
Let c = 224 - 55. Suppose -39 = -2*v + c. Calculate the highest common divisor of v and 26.
26
Let r be (-1*10)/((-2)/44). Suppose -4*b + 513 = -5*z, 5*z - 122 = -2*b + b. Suppose -5*k = 17 - b. What is the highest common divisor of k and r?
22
Let h = -89 + 131. Let p = h + -24. What is the highest common factor of 12 and p?
6
Let l(g) = 7*g**3 + g**2 - 2*g + 1. Let s be l(1). Let c be 237/21 - 2/s. Calculate the greatest common factor of 55 and c.
11
Suppose 3*n - 27 = -0. What is the greatest common divisor of 1 and n?
1
Let t be 2/6 + (-71)/(-3). Suppose 5*o + 15 = a, t = -2*o - 4*a + 8*a. Let v be 4 - -1*o/(-1). Calculate the highest common factor of v and 66.
6
Suppose -42 + 2 = -2*i. Let p(q) = q**3 - 8*q**2 + 10*q - 1. Let a be p(7). Calculate the greatest common factor of i and a.
20
Suppose -2*h = -4*v + h - 129, v = -3*h - 36. Let d be (-16)/(2 + 72/v). What is the greatest common factor of d and 8?
8
Suppose n + z = 62, 0*n - 3*n + 182 = -z. Suppose 5*d + 1 = n. Let q be (0 + 1)/(6/d). What is the greatest common divisor of q and 1?
1
Suppose 112 = 5*u - 3. Calculate the greatest common divisor of 115 and u.
23
Let c(p) be the third derivative of p**5/60 + p**4/12 + 2*p**2. Let d be c(7). Calculate the greatest common factor of 7 and d.
7
Let z(a) = a**3 + 14*a**2 + a + 22. Let o be z(-15). Let b = -155 - o. What is the greatest common divisor of b and 7?
7
Let j be (-242)/(-6) + (-3)/9. What is the highest common divisor of 120 and j?
40
Suppose -8 = 3*h - 2. Let f be 3 + h + 1*9. What is the highest common factor of f and 90?
10
Let g be 0/((-4)/2) - -4. Suppose 5*s + 68 = 2*t, 3*s = 4*s + 4*t - g. Let x be -2 - (s - (1 - 2)). What is the highest common divisor of x and 72?
9
Suppose 39 = 3*g + 18. Calculate the greatest common divisor of g and 7.
7
Let x be ((-7)/7)/((-2)/22). What is the highest common divisor of x and 121?
11
Suppose 0 = 4*g - 4*p - 60, g = -0*g - 2*p + 27. Let b = -1 + g. Let q be -3*(-8)/(-12) + 8. What is the highest common factor of q and b?
6
Let o(m) = m**2 - 2*m - 4. Let p be o(3). Let i = 0 + p. Let b be (i - 0 - 1) + 83. Calculate the highest common divisor of b and 27.
27
Let o(a) = -a**3 - 9*a**2 - 6*a - 5. Let s be o(-8). Let k = s + 12. Let h = k - -21. What is the greatest common divisor of h and 96?
12
Let c be ((-2)/(-2))/(2/6). Suppose 3*b - c = 36. Let n be 3304/32 - (-6)/8. Calculate the highest common factor of b and n.
13
Let k be 1 + -1 + 1 - -1. Let w(t) = 9 - t - t**k - 4*t**2 - 3*t**2 - t**3. Let p be w(-9). What is the highest common factor of 11 and p?
11
Suppose 5*v = -5*x - 30 + 80, -2*x = 0. Let j(o) = o**2 - 6*o + 9. Let r be j(v). Suppose u - r - 77 = 0. Calculate the highest common factor of u and 14.
14
Let b be -2 + (5 - (0 + -1)). Suppose -3*d - 13 = 2*u - 119, 0 = -3*u + b*d + 176. What is the highest common divisor of u and 8?
8
Let h(y) = -8*y - 71. Let z be h(-10). Let v be -3*2/2*-2. What is the greatest common factor of z and v?
3
Let s be 1/(-3) - 76/(-12). What is the greatest common factor of s and 15?
3
Let v = 2 - 2. Let m = v - 2. Let w be 2*5 + m - -2. What is the highest common factor of w and 15?
5
Let q = 864 - 539. Calculate the greatest common factor of q and 25.
25
Let s be (-188)/(-6)*(3 - 0). Suppose q - 3*x - s - 64 = 0, x + 148 = q. Suppose z - 52 = -3*z. What is the highest common divisor of q and z?
13
Let g(z) = -z**2 + 9*z - 5. Let m be g(8). Calculate the highest common divisor of m and 24.
3
Suppose 4*u + 8 = -x, -3*x + 12 = 4*u - u. Let t(f) = f**2 - f. Let y be t(2). Calculate the greatest common divisor of y and x.
2
Suppose 349 = c + 4*a + 56, -a = 5*c - 1484. What is the highest common divisor of c and 27?
27
Let i(x) = x**2 + x + 70. Suppose 0 = 2*a - 6*a. Let w be a - 0/(-1)*1. Let l be i(w). What is the highest common factor of 28 and l?
14
Let g = 7 + -23. Let r = 22 + g. Suppose 2 = -z + 4*a, -2*a + r = 3*z - z. Calculate the greatest common factor of z and 18.
2
Let s be 25/5 + -3*1. Let x = s - -7. What is the greatest common divisor of x and 1?
1
Suppose 3*i - 56 + 17 = -2*k, -i - k = -13. Suppose -16*p + 12*p = -208. What is the highest common divisor of i and p?
13
Let k be (-54)/((-57)/45 - (-6)/10). Calculate the greatest common factor of 9 and k.
9
Let j(p) = p - 1. Let w(r) = -1. Let z(l) = 2*j(l) + 10*w(l). Let n be z(9). Calculate the greatest common divisor of n and 66.
6
Let h be 76 + 2 + -3 - -2. Let g = 39 + -32. Calculate the greatest common divisor of h and g.
7
Suppose 4*c = -0*c + 72. Let u be 4 - 1/(2 - 1). Calculate the greatest common divisor of u and c.
3
Suppose f + 4*f + 5 = 3*x, x - 13 = -4*f. Suppose -4*g + 5*t = -3*g + 9, 5*g - 1 = 2*t. What is the highest common divisor of x and g?
1
Let o be (-2)/5*(-660)/12. Calculate the highest common divisor of 44 and o.
22
Let g = 8 + -2. Suppose 4*q - g = -2. Calculate the highest common factor of 1 and q.
1
Let l(u) = -u**2 + 6*u + 8. Let h = 4 + 2. Let f be l(h). What is the greatest common divisor of 1 and f?
1
Let f(n) = 8*n - 12. Let l be 6/3 - 3 - 4. Let q(v) = -v**3 - 4*v**2 + 2*v - 7. Let b be q(l). Let p be f(b). What is the highest common divisor of 13 and p?
13
Suppose 0 = q - 17 - 5. What is the highest common factor of q and 11?
11
Let w(m) = -m + 1. Let t(u) = -u**2 - 4*u - 1. Let z(d) = -t(d) + 6*w(d). Let q be z(-5). What is the highest common divisor of q and 14?
14
Let g = -91 - -109. What is the highest common factor of 126 and g?
18
Let p = 19 + 24. Suppose -3*l - 13 + p = -3*d, 0 = d + 5. Suppose 2*w = h - 64, -l*h - 3*w = -4*w - 275. Calculate the greatest common divisor of h and 6.
6
Suppose -5*l - 64 = -3*t, 5 - 53 = -2*t + 2*l. Let y be (t/8)/(2/32). What is the highest common divisor of 14 and y?
14
Suppose -4*g + 1304 = u + u, 5*g - u - 1616 = 0. What is the highest common factor of g and 12?
12
Suppose -5*m + 79 = -21. Let u(y) = y**3 - 2*y**2 - 2*y + 6. Let w be u(4). What is the highest common divisor of w and m?
10
Let u(x) = 179*x**2 - x. Let p be u(-1). Suppose -7*i = -12*i + p. What is the highest common factor of i and 24?
12
Suppose 2*w + 10 = 5*i + 1, 3*w - 4*i = -3. Suppose -c = -w*c + 30. What is the greatest common factor of 15 and c?
15
Let t(u) = -10*u + 2. Let l be t(-5). What is the greatest common factor of l and 13?
13
Suppose 0*u - 5*u + 2345 = 0. Suppose 194 - u = -5*c. What is the greatest common divisor of c and 22?
11
Let f be (0 - -1)/((-3)/(-228)). Let j = -42 - -61.